divided by 8?
5
What is the remainder when 162919 is divided by 6030?
109
Calculate the remainder when 12863267 is divided by 61.
14
Calculate the remainder when 66687564 is divided by 28.
20
Calculate the remainder when 31245641 is divided by 3124563.
11
Calculate the remainder when 978794 is divided by 194.
64
What is the remainder when 118095625 is divided by 14761953?
1
Calculate the remainder when 1367055 is divided by 23545.
1445
Calculate the remainder when 7463033 is divided by 78558.
23
Calculate the remainder when 2984006 is divided by 1491788.
430
What is the remainder when 38891508 is divided by 12963831?
15
Calculate the remainder when 13999336 is divided by 127.
126
Calculate the remainder when 6105296 is divided by 2035015.
251
What is the remainder when 302468 is divided by 2975?
1993
Calculate the remainder when 228479 is divided by 344.
63
Calculate the remainder when 148187676 is divided by 106.
100
Calculate the remainder when 2597073 is divided by 136.
17
Calculate the remainder when 673570 is divided by 124.
2
What is the remainder when 2086097 is divided by 12272?
12129
Calculate the remainder when 3143416 is divided by 1571703.
10
Calculate the remainder when 56160955 is divided by 42.
25
What is the remainder when 1551218 is divided by 1145?
888
What is the remainder when 450161 is divided by 150?
11
What is the remainder when 459557 is divided by 11?
10
Calculate the remainder when 6649414 is divided by 1662352.
6
What is the remainder when 11448762 is divided by 87?
84
Calculate the remainder when 354895 is divided by 177433.
29
Calculate the remainder when 8515569 is divided by 8515555.
14
What is the remainder when 147062 is divided by 146994?
68
Calculate the remainder when 2959287 is divided by 1479630.
27
Calculate the remainder when 29365 is divided by 2080.
245
What is the remainder when 111995 is divided by 9078?
3059
What is the remainder when 182368 is divided by 732?
100
What is the remainder when 9094277 is divided by 3061?
46
What is the remainder when 3392856 is divided by 3162?
30
Calculate the remainder when 188603 is divided by 221.
90
What is the remainder when 12730676 is divided by 1273065?
26
Calculate the remainder when 246882 is divided by 61095.
2502
Calculate the remainder when 67269 is divided by 33104.
1061
What is the remainder when 13750716 is divided by 4316?
4256
What is the remainder when 122257653 is divided by 5?
3
Calculate the remainder when 39778 is divided by 953.
705
What is the remainder when 6800366 is divided by 113339?
26
Calculate the remainder when 616643 is divided by 61594.
703
What is the remainder when 5456809 is divided by 1345?
144
What is the remainder when 10164164 is divided by 252?
248
Calculate the remainder when 577024 is divided by 144227.
116
What is the remainder when 2220887 is divided by 492?
491
What is the remainder when 756854 is divided by 150416?
4774
What is the remainder when 3870447 is divided by 193522?
7
What is the remainder when 364939946 is divided by 104?
98
Calculate the remainder when 16978155 is divided by 1319.
1306
What is the remainder when 845651 is divided by 845642?
9
What is the remainder when 866173 is divided by 173219?
78
Calculate the remainder when 106238598 is divided by 239.
230
Calculate the remainder when 135682 is divided by 26466.
3352
Calculate the remainder when 67956 is divided by 11246.
480
Calculate the remainder when 48071 is divided by 1131.
569
What is the remainder when 223295 is divided by 1731?
1727
What is the remainder when 32411 is divided by 315?
281
Calculate the remainder when 6039875 is divided by 754978.
51
What is the remainder when 19002 is divided by 2630?
592
Calculate the remainder when 19596211 is divided by 96533.
12
What is the remainder when 37482545 is divided by 703?
694
Calculate the remainder when 1722771 is divided by 1689.
1680
Calculate the remainder when 1440185 is divided by 10578.
1577
Calculate the remainder when 112630 is divided by 56304.
22
What is the remainder when 12895622 is divided by 33?
14
Calculate the remainder when 53354157 is divided by 19.
10
What is the remainder when 3357842 is divided by 24157?
19
What is the remainder when 1690489 is divided by 120?
49
What is the remainder when 416594 is divided by 267?
74
Calculate the remainder when 562975 is divided by 4573.
496
Calculate the remainder when 9101905 is divided by 245996.
53
Calculate the remainder when 1059304 is divided by 62239.
1241
What is the remainder when 46885500 is divided by 105?
60
Calculate the remainder when 4958721 is divided by 4958558.
163
What is the remainder when 571035 is divided by 81327?
1746
What is the remainder when 1619139 is divided by 39?
15
What is the remainder when 3213105 is divided by 4982?
4697
Calculate the remainder when 1984205 is divided by 99209.
25
What is the remainder when 365187320 is divided by 618?
614
What is the remainder when 21251467 is divided by 10625728?
11
What is the remainder when 9324 is divided by 1568?
1484
What is the remainder when 319298144 is divided by 102?
98
What is the remainder when 13236141 is divided by 313?
310
What is the remainder when 3040 is divided by 736?
96
What is the remainder when 115312 is divided by 504?
400
What is the remainder when 139761 is divided by 590?
521
Calculate the remainder when 284930 is divided by 53.
2
What is the remainder when 249368 is divided by 75?
68
What is the remainder when 2484730 is divided by 23?
17
What is the remainder when 5674425 is divided by 14186?
25
What is the remainder when 10449 is divided by 4987?
475
What is the remainder when 326065 is divided by 163029?
7
What is the remainder when 4174448 is divided by 19?
15
Calculate the remainder when 185140 is divided by 182363.
2777
What is the remainder when 21855818 is divided by 11?
6
Calculate the remainder when 255182 is divided by 857.
653
Calculate the remainder when 1416771 is divided by 3113.
356
Calculate the remainder when 843210 is divided by 3619.
3602
Calculate the remainder when 8896577 is divided by 49.
39
Calculate the remainder when 162953 is divided by 2362.
2337
What is the remainder when 2886862 is divided by 636?
58
Calculate the remainder when 52739 is divided by 889.
288
Calculate the remainder when 12980 is divided by 3964.
1088
Calculate the remainder when 64664987 is divided by 239.
191
Calculate the remainder when 131483 is divided by 131261.
222
Calculate the remainder when 1369221 is divided by 15921.
15
Calculate the remainder when 349461 is divided by 115.
91
What is the remainder when 7280869 is divided by 19364?
5
What is the remainder when 11957538 is divided by 22?
10
Calculate the remainder when 2303413 is divided by 995.
983
What is the remainder when 98891 is divided by 281?
260
Calculate the remainder when 91306 is divided by 11226.
1498
What is the remainder when 42850 is divided by 12855?
4285
Calculate the remainder when 162102 is divided by 687.
657
Calculate the remainder when 532716 is divided by 266332.
52
What is the remainder when 2639163 is divided by 219927?
39
Calculate the remainder when 2242155 is divided by 21768.
51
What is the remainder when 7992837 is divided by 3728?
5
What is the remainder when 233342 is divided by 21206?
76
What is the remainder when 372959 is divided by 850?
659
Calculate the remainder when 9188561 is divided by 78.
5
What is the remainder when 2184565 is divided by 458?
363
Calculate the remainder when 393109 is divided by 72.
61
Calculate the remainder when 17110732 is divided by 21.
16
What is the remainder when 1085468454 is divided by 2351?
2350
Calculate the remainder when 5898638 is divided by 84265.
88
What is the remainder when 1751875 is divided by 695?
475
What is the remainder when 1090781 is divided by 1517?
58
What is the remainder when 368841 is divided by 181?
144
What is the remainder when 16309016 is divided by 153?
134
Calculate the remainder when 368558 is divided by 2457.
8
What is the remainder when 8985573 is divided by 2801?
2766
What is the remainder when 9265 is divided by 2395?
2080
Calculate the remainder when 23164104 is divided by 115.
114
What is the remainder when 2972248 is divided by 375?
373
What is the remainder when 1049421 is div